).
-172
Let q(g) = -131*g + 6293. What is q(48)?
5
Let x(o) = -7174*o + 86089. Determine x(12).
1
Let s(x) = 10*x + 334. What is s(-35)?
-16
Let a(w) = 3*w**3 + 26*w**2 - 5*w + 24. Calculate a(-9).
-12
Let o(d) = 67*d + 136. What is o(-2)?
2
Let d(p) = -p**3 + 128*p**2 - 146*p + 2438. Calculate d(127).
25
Let a(h) = -h**3 + 156*h**2 + 309*h + 1097. Determine a(158).
-9
Let v(y) = -y**3 - 58*y**2 - 48*y + 491. Give v(-57).
-22
Let s(g) = -g**3 + 30*g**2 - 10*g - 172. Give s(29).
379
Let o(p) = p**3 + 15*p**2 + 18*p + 42. Calculate o(-14).
-14
Let o(h) = 2*h**3 + 78*h**2 - 555*h - 671. Determine o(-45).
4
Let k(w) = -7*w**2 + 13*w - 18. What is k(5)?
-128
Let y(c) = -57*c + 2389. Give y(42).
-5
Let k(v) = 2*v**2 - 179*v + 545. Give k(87).
110
Let s(p) = 23*p**2 + 11*p - 34. Give s(3).
206
Let c(d) = -2*d**3 - 13*d**2 + 6*d + 55. Give c(-5).
-50
Let b(r) = 6*r**2 + 34*r - 16. What is b(-6)?
-4
Let h(n) = 51*n + 257. Determine h(-5).
2
Let k(t) = 2*t**2 - 12*t - 42. Give k(-4).
38
Let c(k) = k**2 - 54*k - 209. What is c(71)?
998
Let h(d) = -d**2 + 6945*d + 167260. Calculate h(-24).
4
Let v(t) = -1192*t - 1200. Calculate v(-1).
-8
Let u(q) = 278*q + 1097. Determine u(-4).
-15
Let x(u) = 3*u**2 - 87*u + 179. Calculate x(28).
95
Let d(c) = -5*c**2 - 8*c + 17. Calculate d(-7).
-172
Let x(w) = -66*w + 1255. Determine x(19).
1
Let v(y) = 139*y + 1380. Calculate v(-11).
-149
Let l(y) = -y**3 - 6*y**2 - 57*y - 398. What is l(-7)?
50
Let m(t) = 2*t**3 + 124*t**2 + 40*t + 2477. Calculate m(-62).
-3
Let d(k) = 13*k**2 + 365*k - 165. Calculate d(-28).
-193
Let i(s) = -430*s - 2453. Determine i(-6).
127
Let d(o) = 546*o**2 + 4369*o + 7. What is d(-8)?
-1
Let g(i) = 2*i - 70. Determine g(49).
28
Let q(j) = -j**2 - 427*j - 94. Determine q(0).
-94
Let o(g) = -193*g - 1151. Calculate o(-6).
7
Let z(q) = -q**3 + 17*q**2 + 40*q - 29. What is z(19)?
9
Let n(t) = 547*t + 2676. What is n(-6)?
-606
Let l(q) = 78*q - 1069. Determine l(14).
23
Let x(j) = -j**3 + 32*j**2 + 147*j - 36. What is x(36)?
72
Let b(o) = o**3 - 26*o**2 + 164*o + 52. Give b(14).
-4
Let c(h) = h**2 + 81*h - 1016. Determine c(-92).
-4
Let h(m) = -12*m - 814. What is h(-64)?
-46
Let r(i) = -3*i**3 - 46*i**2 + 5*i + 397. Calculate r(-15).
97
Let m(q) = -15*q + 169. Give m(-4).
229
Let f(h) = 224*h + 5826. Determine f(-26).
2
Let t(s) = 9*s**2 + 333*s + 628. What is t(-35)?
-2
Let k(r) = 532*r - 539. Determine k(1).
-7
Let d(g) = g**3 - 31*g**2 + 81*g + 11. Give d(3).
2
Let g(c) = -25*c**3 - c**2 - 2*c + 1. Determine g(2).
-207
Let u(r) = -2*r**3 + 104*r**2 + 110*r - 209. Give u(53).
3
Let h(p) = 37*p - 551. Determine h(15).
4
Let j(u) = 51*u - 2049. Give j(35).
-264
Let b(l) = -25*l + 288. Give b(11).
13
Let o(c) = -352*c - 2113. Give o(-6).
-1
Let r(m) = -745*m + 4456. What is r(6)?
-14
Let z(n) = -5*n**3 - 289*n**2 - 1320*n - 8. Give z(-5).
-8
Let i(b) = -b**3 + 23*b**2 - 133*b - 30. Calculate i(13).
-69
Let i(f) = f**3 - 6*f**2 - 47*f + 31. Calculate i(11).
119
Let p(v) = -v**2 + 360*v - 1067. Determine p(3).
4
Let c(v) = v**3 - 10*v**2 + 30*v - 14. Give c(5).
11
Let b(u) = -u**2 + 48*u - 507. What is b(17)?
20
Let v(l) = -119*l + 1020. Calculate v(13).
-527
Let a(w) = 286*w - 6588. Give a(23).
-10
Let o(w) = -w**3 - 19*w**2 - 79*w + 92. Give o(-11).
-7
Let f(d) = -7*d**3 + 51*d**2 - 45*d + 7. Determine f(6).
61
Let q(l) = l**3 - 25*l**2 + 144*l + 3. Determine q(16).
3
Let r(o) = -6*o**2 + 296*o - 161. Give r(49).
-63
Let l(q) = 146*q - 15. Calculate l(0).
-15
Let c(m) = -m**2 + 263*m - 1434. What is c(6)?
108
Let t(f) = -f**3 - 8*f**2 - 15*f - 20. Give t(-4).
-24
Let r(b) = -4*b**2 - 31*b + 33. Calculate r(1).
-2
Let m(k) = k**2 + 117*k - 1473. What is m(12)?
75
Let n(g) = -44*g - 1637. Determine n(-33).
-185
Let c(x) = 2*x - 71. Calculate c(-13).
-97
Let f(r) = 5*r**2 + 155*r - 17. Give f(-31).
-17
Let o(c) = 5052*c - 282902. Calculate o(56).
10
Let c(n) = -n**3 + 5*n**2 - 5*n - 36. Give c(6).
-102
Let p(a) = -3*a**3 - 82*a**2 - 248*a - 209. Calculate p(-24).
-17
Let x(n) = 2*n**3 + 14*n**2 - 201*n - 978. Calculate x(-12).
-6
Let j(i) = -2*i**3 - 16*i**2 + 16*i + 111. Calculate j(-8).
-17
Let h(j) = 298*j - 2959. Calculate h(10).
21
Let y(i) = 5*i**2 + 100*i + 24. What is y(-20)?
24
Let r(w) = -w**3 - 10*w**2 + 2*w + 88. What is r(-9)?
-11
Let r(u) = -u**3 + 22*u**2 - 90*u + 610. Give r(19).
-17
Let n(a) = -6*a**3 + 2*a**2 + 5*a - 2. Give n(3).
-131
Let g(d) = 15*d**2 - 190*d - 15. What is g(13)?
50
Let r(u) = -u**3 + 10*u**2 + 130*u - 1129. Calculate r(8).
39
Let t(v) = 2*v**3 + 3*v**2 + 12*v + 45. What is t(-3)?
-18
Let r(d) = 291*d - 293. Calculate r(1).
-2
Let s(c) = 423*c - 1261. Calculate s(3).
8
Let a(j) = j**2 - 325*j + 323. What is a(1)?
-1
Let f(p) = -4*p**2 - 46*p + 746. What is f(9)?
8
Let n(s) = -2*s**3 - 25*s**2 - 16*s - 45. Calculate n(-12).
3
Let d(c) = 2*c**2 - 71*c - 51. What is d(37)?
60
Let u(q) = 6*q**2 + 52*q + 39. What is u(-7)?
-31
Let m(u) = -28*u - 342. What is m(-16)?
106
Let g(i) = 2277*i + 34159. What is g(-15)?
4
Let n(p) = -236*p + 66. What is n(0)?
66
Let q(t) = t**3 - 3*t**2 - 13*t + 4. Determine q(-3).
-11
Let g(r) = r**2 - 45*r - 896. Determine g(60).
4
Let x(n) = -4133*n - 45446. Determine x(-11).
17
Let n(i) = 25*i**2 - 136*i - 161. Calculate n(-1).
0
Let f(l) = -2*l**3 - 15*l**2 + 30*l + 62. Calculate f(-8).
-114
Let u(q) = -3*q**2 - 48*q - 315. What is u(-6)?
-135
Let i(r) = r**3 + 31*r**2 - 130*r + 337. What is i(-35)?
-13
Let f(b) = 236*b - 52165. What is f(221)?
-9
Let v(o) = -318*o - 5176. What is v(-16)?
-88
Let z(b) = 42*b + 1524. What is z(-52)?
-660
Let l(t) = t**2 + 6*t - 4. Determine l(2).
12
Let a(l) = l**2 - 2*l - 83. Give a(10).
-3
Let q(u) = u**2 + 32*u + 127. What is q(-27)?
-8
Let d(n) = 179*n + 20. Calculate d(-1).
-159
Let v(q) = 105*q + 524. Calculate v(-5).
-1
Let y(z) = 32*z + 1662. Determine y(-51).
30
Let f(m) = 14*m**3 + 3*m**2 - 24*m - 69. Give f(-2).
-121
Let g(i) = i**3 + 243*i**2 + 482*i + 4. Calculate g(-241).
4
Let k(n) = 4*n**2 - 13*n - 29. What is k(9)?
178
Let j(r) = -r**3 + 13*r**2 - 32*r + 251. Calculate j(12).
11
Let m(t) = t**2 + 175*t + 3254. What is m(-154)?
20
Let i(b) = 2*b**2 - 81*b - 38. Calculate i(40).
-78
Let i(c) = 166*c - 665. Give i(4).
-1
Let t(q) = -665*q - 9300. Give t(-14).
10
Let j(a) = 4*a**2 + a - 6. What is j(2)?
12
Let d(i) = 65*i - 483. Give d(8).
37
Let b(m) = m**3 - 11*m**2 - 51*m + 127. Give b(14).
1
Let j(a) = 91*a + 2748. What is j(-30)?
18
Let w(x) = 6*x + 114. Give w(-21).
-12
Let v(t) = 73*t + 844. Give v(-11).
41
Let i(f) = -3*f**2 - 134*f - 9. Give i(-48).
-489
Let q(n) = 958*n + 7702. Determine q(-8).
38
Let w(b) = -2*b**3 + 24*b**2 + 16*b + 12. Calculate w(13).
-118
Let f(q) = -7*q**3 + 1763*q**2 + 269*q - 4277. Determine f(252).
7
Let w(f) = f**2 + 21*f - 238. Calculate w(8).
-6
Let t(q) = q**2 + 66*q - 1728. Calculate t(-86).
-8
Let g(u) = -2*u**3 - 9*u**2 + 11*u + 6. What is g(-7)?
174
Let b(o) = -1275*o - 6385. What is b(-5)?
-10
Let t(q) = -q**2 + 59*q - 441. What is t(50)?
9
Let q(i) = -11*i - 67. Determine q(-18).
131
Let s(l) = -4*l**2 + 229*l - 270. Determine s(56).
10
Let h(z) = z**3 + 5*z**2 - 12*z - 9. Give h(6).
315
Let d(w) = -6*w**3 - 52*w**2 - 49*w - 141. Determine d(-8).
-5
Let k(n) = 6*n**3 + 2*n**2 - n + 366. Calculate k(0).
366
Let m(a) = 5564*a + 44496. Give m(-8).
-16
Let n(j) = -j**3 - 5*j**2 - 6*j - 10. What is n(-7)?
130
Let u(i) = 17*i + 371. What is u(-24)?
-37
Let s(p) = -5*p - 127. Calculate s(-29).
18
Let c(f) = f**2 + 13*f - 205. Calculate c(9).
-7
Let x(m) = -15*m - 157. What is x(-11)?
8
Let s(x) = -5*x**2 - 25*x - 188. Determine s(-8).
-308
Let m(l) = 20*l**2 + 118*l - 10. Give m(-6).
2
Let d(p) = 513*p + 11928. Give d(-23).
129
Let d(g) = -3721*g - 152559. Determine d(-41).
2
Let g(w) = -127*w + 3545. Determine g(28).
-11
Let l(y) = -60*y**2 + 485*y - 41. Give l(8).
-1
Let i(h) = -30*h**2 + 6*h - 7. What is i(1)?
-31
Let s(n) = -7*n - 107. Calculate s(0).
-107
Let b(d) = -d**3 - 15*d**2 - 49*d - 9. What is b(-12)?
147
Let q(o) = -184*o - 520. Calculate q(-3).
32
Let h(t) = -1294*t - 2584. Calculate h(-2).
4
Let m(z) = -2*z**3 - 14*z**2 - 27*z + 11. Calculate m(-10).
881
Let i(l) = 6*l**3 + 72*l**2 - 6*l + 37. Calculate i(-12).
109
Let a(b) = -51*b - 